4044?
-13314050
In base 3, what is -112112112010001 - 1?
-112112112010002
In base 9, what is 40016044 - 1?
40016043
In base 12, what is -7 - 362b07?
-362b12
In base 8, what is 317 - 12115223?
-12114704
In base 10, what is 1352 + -1657?
-305
In base 7, what is -2 - -1011144423?
1011144421
In base 15, what is 8c8 + 5088?
5961
In base 16, what is 3 + -71022?
-7101f
In base 12, what is -5a - -b660?
b602
In base 12, what is -17219445 - -4?
-17219441
In base 9, what is 2 + -74656308?
-74656306
In base 11, what is 3 - -5981698?
59816a0
In base 14, what is -5 + -3bd400?
-3bd405
In base 9, what is -7481 - -1663?
-5717
In base 4, what is -200212101 + -2313?
-200221020
In base 8, what is 10 + 14471305?
14471315
In base 4, what is -221231323023 - 0?
-221231323023
In base 12, what is -2518 + b13?
-1605
In base 11, what is -1 + -1562a265?
-1562a266
In base 2, what is 0 - 11000010010110110?
-11000010010110110
In base 5, what is 22440032 + -12411?
22422121
In base 5, what is -22 - -1433432204?
1433432132
In base 12, what is -347 + -2092?
-2419
In base 9, what is -785 - 321641?
-322536
In base 3, what is -1020 - -1202121212112121?
1202121212111101
In base 14, what is -15128bc - -4?
-15128b8
In base 5, what is -2000010212 - 24?
-2000010241
In base 6, what is 4 + -1015402255?
-1015402251
In base 3, what is -112221 - -211110221?
210221000
In base 15, what is -10a - -7577?
746c
In base 16, what is -4e5b + -109c?
-5ef7
In base 8, what is -6414 + 64243?
55627
In base 16, what is 5e86b + 2b?
5e896
In base 6, what is -1205311051 - -321?
-1205310330
In base 13, what is 285c + -1500?
135c
In base 9, what is 13582784 - 24?
13582760
In base 12, what is 9a1 + b84?
1965
In base 9, what is 3 + 11164117?
11164121
In base 14, what is 0 + 6a09?
6a09
In base 5, what is -432112023 + -10?
-432112033
In base 4, what is 1 + -1030323302231?
-1030323302230
In base 14, what is -4157b2 + -4?
-4157b6
In base 16, what is -15365 - -1ff?
-15166
In base 12, what is -2152 + -11413?
-13565
In base 2, what is -1 + 11001011110010111100001101?
11001011110010111100001100
In base 12, what is -289 - 2a9a?
-3167
In base 3, what is 2021021010 + -1220?
2021012020
In base 2, what is 10110000100101001010 + -100?
10110000100101000110
In base 15, what is -85aeb - -41?
-85aaa
In base 13, what is -926 + -7041b?
-71044
In base 16, what is 4d56 + -713?
4643
In base 4, what is -10000 + 230022233?
230012233
In base 14, what is -31 + -1017?
-1048
In base 6, what is -5 - 4441053303?
-4441053312
In base 8, what is 250302 + 2127?
252431
In base 6, what is -3325 - 2250310?
-2254035
In base 7, what is 525564 - 2300?
523264
In base 3, what is -110111100211112 + 12?
-110111100211100
In base 7, what is 24363653 + -155?
24363465
In base 14, what is -d949 + 2166?
-b7c3
In base 4, what is -1201223002 - 10020?
-1201233022
In base 4, what is 202332020313 - -13?
202332020332
In base 5, what is -424203410 - -12?
-424203343
In base 8, what is -1470 + 1513220?
1511530
In base 10, what is 536219 + -47?
536172
In base 9, what is 105084321 + -2?
105084318
In base 11, what is -2697 - 4549?
-7135
In base 14, what is 1bc + -1a15?
-1837
In base 4, what is -1320311120 + -13?
-1320311133
In base 16, what is 23b3 + 2f61?
5314
In base 14, what is -4bc + 20a1?
19c3
In base 12, what is 3b2558 - -3?
3b255b
In base 15, what is 1d - -5e9ad?
5e9cb
In base 6, what is -524035 - 200?
-524235
In base 8, what is -34 - -1436074?
1436040
In base 8, what is 5562547005 - -5?
5562547012
In base 4, what is -1021 + 120213022332?
120213021311
In base 13, what is -61 - a63a?
-a69b
In base 9, what is 211586 + -14?
211572
In base 10, what is -2826547 + -175?
-2826722
In base 2, what is -11 - 1000101100100000000000001?
-1000101100100000000000100
In base 12, what is -1397143 - 10?
-1397153
In base 4, what is 33232313310 - -220?
33232320130
In base 9, what is -2655467 - 57?
-2655535
In base 6, what is -2414 - 3442310?
-3445124
In base 4, what is -2211112212031 - -11?
-2211112212020
In base 7, what is 0 + 10532664151?
10532664151
In base 9, what is -34701 + -326?
-35127
In base 11, what is 2680896 + -23?
2680873
In base 8, what is 101665241 + 5?
101665246
In base 3, what is -2112221120 + -111201?
-2120110021
In base 6, what is 4 - -31425430241?
31425430245
In base 11, what is 196283 + a?
196292
In base 5, what is 3443 + -1011202?
-1002204
In base 11, what is 63220 + -96?
63135
In base 2, what is 1111010111101101001111 - 101?
1111010111101101001010
In base 15, what is -1a3d + 1203?
-83a
In base 14, what is 13aa0 - -8?
13aa8
In base 14, what is -c804 - 4d82?
-13786
In base 11, what is 56726 + -75?
56661
In base 5, what is -1341300 - 134?
-1341434
In base 9, what is -3111647 + -50?
-3111707
In base 3, what is -110112021210 + 12?
-110112021121
In base 3, what is -10020000020020 - 101002?
-10020000121022
In base 5, what is 114 - 114331132?
-114331013
In base 8, what is 1004356224 - -1?
1004356225
In base 6, what is -1554355 + -2500?
-2001255
In base 3, what is -121121121 - 2022221?
-200221112
In base 11, what is 13a7 + -5764?
-4368
In base 14, what is -118 + -552aa?
-553c4
In base 2, what is -1000 + -100101010110110011101?
-100101010110110100101
In base 14, what is 45c - 1a8c0?
-1a462
In base 9, what is -3071 + -316433?
-320514
In base 10, what is 2962 - -14686?
17648
In base 11, what is 1233 - -75183?
76406
In base 13, what is -5c302 + -2?
-5c304
In base 11, what is 64429352 + -3?
6442934a
In base 11, what is 22962 + 193a?
247a1
In base 7, what is 2023253 - -1256?
2024542
In base 14, what is -40c85 + 66?
-40c1d
In base 5, what is -111 - -23342430?
23342314
In base 16, what is -4 - 3a7f36f?
-3a7f373
In base 12, what is 18884995 + -2?
18884993
In base 11, what is 730832a7 - -1?
730832a8
In base 2, what is 1000101001001011000011 - 10000000?
1000101001001001000011
In base 16, what is -4 - -634cc15?
634cc11
In base 6, what is -40452313314 - -4?
-40452313310
In base 9, what is -247 - -163874?
163626
In base 3, what is 10001 + -1212000210?
-1211220202
In base 14, what is d76430 + 3?
d76433
In base 10, what is -6194 + -758?
-6952
In base 15, what is -d93777 - -3?
-d93774
In base 9, what is 380121 + -82?
380028
In base 5, what is -2 - -140212230124?
140212230122
In base 4, what is 22002132313 - 11?
22002132302
In base 3, what is 111222022 + -112011?
111110011
In base 13, what is 18b8 - -4431?
6019
In base 6, what is 4 + 20240414013?
20240414021
In base 12, what is -669 + 6226?
5779
In base 5, what is 402401 + 142402?
1100303
In base 11, what is 4 + -39a98a3?
-39a989a
In base 7, what is -4 - -5414041?
5414034
In base 16, what is 21c30 + 27d?
21ead
In base 13, what is -1 + -6b7b8a?
-6b7b8b
In base 6, what is 24 + -13045244?
-13045220
In base 15, what is 3 + 3089180?
3089183
In base 5, what is 0 - -3104023213?
3104023213
In base 11, what is -708 + 17269?
16661
In base 9, what is -3823 - 41101?
-45024
In base 11, what is -2 - 6783488?
-678348a
In base 3, what is 102021 + 1010002202?
1010112000
In base 8, what is 40453 - -265?
40740
In base 11, what is 88 - -6707a?
67157
In base 8, what is -7754 - 210211?
-220165
In base 4, what is 1 - -2020202023?
2020202030
In base 14, what is 1b40a - a9?
1b341
In base 7, what is 242435 - -304?
243042
In base 2, what is -1100100000 - 11001100101111001?
-11001110010011001
In base 6, what is 1205530 - 11240?
1154250
In base 5, what is 0 - 2243040241?
-2243040241
In base 12, what is -8 + -6a77b8?
-6a7804
In base 9, what is 1245151 + -1?
1245150
In base 10, what is -8264 + 276?
-7988
In base 4, what is -10312232231 + -303?
-10312233200
In base 11, what is -24 + -776850?
-776874
In base 4, what is 2210222 + 1000202?
3211030
In base 15, what is -18d + -3eb83?
-3ed21
In base 7, what is 411 + 21460?
22201
In base 14, what is -1 - 17246b0?
-17246b1
In base 16, what is -7aa26d - -2?
-7aa26b
In base 7, what is -423112 - 366?
-423511
In base 7, what is -2203562 + 1044?
-2202515
In base 14, what is -350d78 + -87?
-351021
In base 15, what is 303 + -4587a?
-45577
In base 14, what is 4 + -104324?
-104320
In base 16, what is -1c105b5 - -21?
-1c10594
In base 4, what is 2323202301002 + -3?
2323202300333
In base 15, what is -8e0b732 - 0?
-8e0b732
In base 14, what is 2a6cac34 - -3?
2a6cac37
In base 16, what is 0 + 168ad9a?
168ad9a
In base 7, what is -21262231 + 4?